{"id":20,"date":"2025-11-27T02:26:58","date_gmt":"2025-11-27T08:26:58","guid":{"rendered":"https:\/\/ksa.directorio-comercial.com\/?page_id=20"},"modified":"2025-12-04T04:27:34","modified_gmt":"2025-12-04T10:27:34","slug":"inicio","status":"publish","type":"page","link":"https:\/\/ksa.directorio-comercial.com\/","title":{"rendered":"Inicio"},"content":{"rendered":"\n<div class=\"wp-block-columns is-layout-flex wp-container-core-columns-is-layout-28f84493 wp-block-columns-is-layout-flex\">\n<div class=\"wp-block-column is-layout-flow wp-block-column-is-layout-flow\" style=\"flex-basis:2%\"><\/div>\n\n\n\n<div class=\"wp-block-column is-layout-flow wp-block-column-is-layout-flow\" style=\"flex-basis:94%\">\n<div class=\"wp-block-group is-content-justification-center is-nowrap is-layout-flex wp-container-core-group-is-layout-23441af8 wp-block-group-is-layout-flex\">\n<img loading=\"lazy\" decoding=\"async\" width=\"1583\" height=\"635\" data-media-id=\"22\" class=\"gb-media-f6aa0364\" alt=\"\" src=\"https:\/\/ksa.directorio-comercial.com\/wp-content\/uploads\/2025\/11\/poster.png\" srcset=\"https:\/\/ksa.directorio-comercial.com\/wp-content\/uploads\/2025\/11\/poster.png 1583w, https:\/\/ksa.directorio-comercial.com\/wp-content\/uploads\/2025\/11\/poster-300x120.png 300w, https:\/\/ksa.directorio-comercial.com\/wp-content\/uploads\/2025\/11\/poster-1024x411.png 1024w, https:\/\/ksa.directorio-comercial.com\/wp-content\/uploads\/2025\/11\/poster-768x308.png 768w, https:\/\/ksa.directorio-comercial.com\/wp-content\/uploads\/2025\/11\/poster-1536x616.png 1536w\" sizes=\"auto, (max-width: 1583px) 100vw, 1583px\" \/>\n<\/div>\n<\/div>\n\n\n\n<div class=\"wp-block-column is-layout-flow wp-block-column-is-layout-flow\" style=\"flex-basis:2%\"><\/div>\n<\/div>\n\n\n\n<div class=\"wp-block-group has-global-padding is-layout-constrained wp-block-group-is-layout-constrained\">\n<div class=\"wp-block-group is-vertical is-content-justification-center is-layout-flex wp-container-core-group-is-layout-ce155fab wp-block-group-is-layout-flex\">\n<h2 class=\"wp-block-heading has-text-align-center\">Conoce un poco de nosotros<\/h2>\n\n\n\n<p class=\"gb-text gb-text-0de21af0\">Kine Sport Anatomy es tu opci\u00f3n profesional en rehabilitaci\u00f3n f\u00edsica personalizada. Contamos con atenci\u00f3n en cl\u00ednica y servicio a domicilio, ideal para quienes buscan recuperarse con comodidad, seguridad y resultados reales.<\/p>\n\n\n\n<p class=\"gb-text gb-text-40f9eb15\">Trabajamos con kinesiolog\u00eda especializada para ayudarte a eliminar dolor, mejorar movilidad y volver al 100% en tus actividades diarias o deportivas.<\/p>\n\n\n\n<p class=\"gb-text gb-text-f7175fa6\">Tu bienestar es nuestra prioridad: agenda tu cita y comienza hoy tu proceso de recuperaci\u00f3n.<\/p>\n\n\n\n\n<\/div>\n<\/div>\n\n\n\n<div class=\"wp-block-group has-global-padding is-layout-constrained wp-block-group-is-layout-constrained\">\n<figure class=\"wp-block-video\"><video height=\"1280\" style=\"aspect-ratio: 720 \/ 1280;\" width=\"720\" controls src=\"https:\/\/ksa.directorio-comercial.com\/wp-content\/uploads\/2025\/11\/\u2022El-cuerpo-tambien-necesita-mantenimiento-no-solo-entrenamiento.-\ud83c\udfcb\ud83c\udffd_\u2642\ufe0f-\u2022-Cuidar-tus-musculos-.mp4\"><\/video><\/figure>\n<\/div>\n","protected":false},"excerpt":{"rendered":"<p>Conoce un poco de nosotros Kine Sport Anatomy es tu opci\u00f3n profesional en rehabilitaci\u00f3n f\u00edsica personalizada. Contamos con atenci\u00f3n en cl\u00ednica y servicio a domicilio, ideal para quienes buscan recuperarse con comodidad, seguridad y resultados reales. Trabajamos con kinesiolog\u00eda especializada para ayudarte a eliminar dolor, mejorar movilidad y volver al 100% en tus actividades diarias [&hellip;]<\/p>\n","protected":false},"author":1,"featured_media":0,"parent":0,"menu_order":0,"comment_status":"closed","ping_status":"closed","template":"page-no-title","meta":{"_acf_changed":false,"footnotes":""},"class_list":["post-20","page","type-page","status-publish","hentry"],"acf":[],"_links":{"self":[{"href":"https:\/\/ksa.directorio-comercial.com\/index.php?rest_route=\/wp\/v2\/pages\/20","targetHints":{"allow":["GET"]}}],"collection":[{"href":"https:\/\/ksa.directorio-comercial.com\/index.php?rest_route=\/wp\/v2\/pages"}],"about":[{"href":"https:\/\/ksa.directorio-comercial.com\/index.php?rest_route=\/wp\/v2\/types\/page"}],"author":[{"embeddable":true,"href":"https:\/\/ksa.directorio-comercial.com\/index.php?rest_route=\/wp\/v2\/users\/1"}],"replies":[{"embeddable":true,"href":"https:\/\/ksa.directorio-comercial.com\/index.php?rest_route=%2Fwp%2Fv2%2Fcomments&post=20"}],"version-history":[{"count":3,"href":"https:\/\/ksa.directorio-comercial.com\/index.php?rest_route=\/wp\/v2\/pages\/20\/revisions"}],"predecessor-version":[{"id":82,"href":"https:\/\/ksa.directorio-comercial.com\/index.php?rest_route=\/wp\/v2\/pages\/20\/revisions\/82"}],"wp:attachment":[{"href":"https:\/\/ksa.directorio-comercial.com\/index.php?rest_route=%2Fwp%2Fv2%2Fmedia&parent=20"}],"curies":[{"name":"wp","href":"https:\/\/api.w.org\/{rel}","templated":true}]}}